17. What is the tens digit of u?
3
What is the units digit of 6/10 - (-3 + 4692/(-30))?
0
Suppose -2*p - 5*p = -1673. Suppose 5*u - 2*v = v + p, 3*v = -9. What is the tens digit of u?
4
Let h(g) = 18*g**2 + g - 22. What is the hundreds digit of h(5)?
4
Let a = -13 + 23. Let p be (-30)/(-9)*a*9. What is the tens digit of 2 + p/4 - 2?
7
Suppose -3*c = b - 13, -5*c - 6*b = -4*b - 21. Suppose -5*x = -2*o + 137, c*o + 11*x - 360 = 6*x. What is the tens digit of o?
7
Suppose 3*i - 492 = -i. Suppose 0 = 5*u + 5*r - 220, 4*r = 4*u - 93 - i. Let p = -34 + u. What is the tens digit of p?
1
Let z be -4 - (1 + -5) - 84. Suppose -6*r + 137 = -5*r. Let g = z + r. What is the units digit of g?
3
Let r = 20 + -16. Suppose 25 = 5*i - 5*q, -r*q = -i + 3*i - 34. What is the units digit of i?
9
Suppose 2*g - 619 = -18*r + 19*r, -r + 1241 = 4*g. What is the units digit of g?
0
Let o be (-336)/10 - 2/5. Let h = o + 65. Suppose 2*n = n + h. What is the units digit of n?
1
Let o be (-5 + 6)/((-1)/(-10)). Suppose -4*y - o = -358. What is the units digit of y?
7
Let q = -473 + 1193. What is the units digit of q?
0
Suppose 3*g = 3 - 0. Let r = g - -7. Let l = r - 1. What is the units digit of l?
7
Let t be 5/(-2) + 2 - (-13)/2. What is the units digit of (16/t)/((-8)/(-60))?
0
Let o(j) = -7*j - 2. Let k be o(-1). Suppose -u + 78 = -4*p, -294 + 66 = -4*u - k*p. What is the units digit of u?
2
Let i(w) = 5*w + 7. Let x be i(9). Suppose -4*b + 38 = 4*t - 42, 3*t - x = 5*b. What is the units digit of (t/2)/(2/4)?
9
Let i = 392 + -323. What is the units digit of i?
9
Suppose 0 = 3*u - 9, u - 4*u + 7 = -2*l. What is the tens digit of 26 - l/1*-3?
2
Suppose 0 = -3*v + 9, 2*v - 8 = c - 2. Suppose 5*m - 76 = k, 4*m - 4*k - 64 = -c*k. What is the units digit of m?
5
Suppose -1908 = -24*i + 18*i. Suppose 0 = -2*p + 5*m + 641, p - i = -4*m + 6*m. What is the units digit of p?
8
Let v(z) be the second derivative of 5*z**4/12 + 5*z**3/6 - 13*z**2/2 - 18*z. What is the hundreds digit of v(-6)?
1
Let s(o) = -13*o**3 + 2*o**2 - 7*o - 4. What is the tens digit of s(-4)?
8
Suppose 4*t + 1074 = 2*j - 762, 0 = 5*j - 5*t - 4590. Suppose 0 = -5*o + 2*l + j, -o + 185 = l - 0*l. What is the hundreds digit of o?
1
Suppose -7 = 6*q - 19. Suppose f + 2*z = -q*f + 95, -190 = -5*f + 3*z. What is the units digit of f?
5
Suppose 420*n = 402*n + 882. Suppose 0*c + 903 = 3*c. Suppose n + c = 5*s. What is the tens digit of s?
7
Suppose 3*f - 3*q + 6*q + 6 = 0, q - 2 = -3*f. Suppose t - 25 = -5*c + 6*t, -f*c = 2*t + 2. Let k = 38 - c. What is the units digit of k?
6
Let p = -8 - -8. Suppose 5*g - k - 271 = p, -2*k - 2*k - 4 = 0. What is the units digit of g?
4
Suppose -b + 6*b = 20. Suppose b*a + 85 = 5*a. Suppose o - 6*o + a = 0. What is the tens digit of o?
1
Suppose 0*i = 6*i - 30. Suppose 5*y + 3*w = 16 + 29, -i*w = 0. What is the units digit of y?
9
Let t be 1/(0 + 3/(-12)). Let p be ((-6)/t)/((-4)/(-8)). What is the units digit of -1 + 8*p - -2?
5
Suppose 2*i - 978 = -2*b, -b + 5*b - 1956 = -i. What is the tens digit of b?
8
Let y(s) = s**3 + 12*s**2 - 11*s - 12. Let p be y(-12). Suppose p = 5*j + 3*z + z, -48 = -2*j + 4*z. What is the tens digit of j?
2
Suppose -n - 5 = -13. Suppose 2 + n = r. Suppose -a = -r - 38. What is the tens digit of a?
4
Let s be (-3 - -2)*0/2. Suppose -23*a = -15*a - 16. Suppose s = -x + a + 31. What is the tens digit of x?
3
What is the hundreds digit of (-2 + 11 + -7)*(-4482)/(-4)?
2
Let t be (-303)/(-6) - (-3)/(-6). Suppose -5*n = -4*n - t. Let l = -25 + n. What is the units digit of l?
5
Let r(f) = f**2 + f + 8. Let d = 9 - 16. Let k be r(d). Suppose i - k = -i. What is the units digit of i?
5
Let q(i) = i**3 + 3*i**2 - 6*i - 3. Let f be q(-4). Let g = 10 - f. Suppose 10*b = 5*b - n + 48, 42 = g*b + 4*n. What is the tens digit of b?
1
Let c be 8/40 - 39/(-5). Let k = c + -3. Suppose -3*p + m + 42 = 5*m, 4*m = k*p - 102. What is the tens digit of p?
1
Suppose 0 = 5*k - 2*j - 112, 2*k - 4*j - 11 = 37. Let m be 16/88 - 4/k. Suppose m = -5*r - 5*t + 135, 2*r + 2*r + 5*t = 108. What is the units digit of r?
7
Let n be 12/5*55/22. Suppose -n*r + 0*r = 54. Let j = r + 17. What is the units digit of j?
8
Suppose -3*a + 1080 = 5*m, 5*m + a - 2*a = 1060. What is the hundreds digit of m?
2
Suppose 4*w = 9*w - 70. What is the units digit of (-951)/(-21) + (-4)/w?
5
Suppose 0 = 5*w - 2 - 3. Let c(a) = a**3 - 6*a**2 - 8*a + 9. Let b be c(7). Suppose 0 = -y + b + w. What is the units digit of y?
3
What is the units digit of (18 + -30)*(-1455)/6?
0
Let h be ((-15)/(-12))/((-3)/(-48)). Let r be (-17)/(-7) - h/(-35). Suppose 5*c - 3*i = 325, 0 = c - r*i + 28 - 81. What is the tens digit of c?
6
Suppose -2*x - 2*y = -462, -x = -6*x + 2*y + 1134. What is the hundreds digit of x?
2
Suppose 6312 = 32*d - 20*d. What is the tens digit of d?
2
Let s = 5089 - 2456. What is the units digit of s?
3
Let d be 1/(((-15)/6)/(-5)). Suppose -d*m + 10 = 2*g, -2*m - 2*m + g - 5 = 0. Let t(c) = -c**2 - c + 16. What is the tens digit of t(m)?
1
Let w(o) be the third derivative of -o**6/120 + 7*o**5/60 + o**3 - 9*o**2. What is the units digit of w(5)?
6
Let d be (74 - 59)*((-2)/3 - 0). Let u(n) = 3*n**2 + 14 - 2*n - 9*n - 4*n**2. What is the tens digit of u(d)?
2
Let z(y) = -y**3 + 9*y**2 + 13*y - 30. Let q be z(10). Suppose v = q, -p - v + 15 = v. What is the tens digit of p?
1
Let s(m) = m**2 - 3*m - 7. Let b be s(5). Suppose g - 2*f = -1, 2*g - b*f + 0 = 2. Suppose g*u = 2*u + 115. What is the tens digit of u?
2
Let i(u) = 109*u + 1. Let l be i(1). Suppose -38 = 2*b - l. What is the tens digit of b?
3
Let n = 850 + -509. What is the hundreds digit of n?
3
Suppose 0 = 2*g - 6*h + h - 999, -3*g + 1491 = -5*h. What is the tens digit of g?
9
Let x(r) = -4*r**2 - 8 + 14*r - 31*r + 3*r**2. Let m be x(-7). Suppose -v = -5*q + 76, -5*q + q + 2*v = -m. What is the units digit of q?
5
What is the tens digit of (5 - 23 - -31)/(1/23)?
9
Let k(f) = -3*f**2 + 2*f + 1618*f**3 - 7*f**2 - 2 - 1617*f**3. Let x = -5 - -15. What is the units digit of k(x)?
8
Let z(k) = -3*k**3 + 4*k + 3. Let g be z(-1). Suppose 5*u - n - 58 = g*u, 0 = -u - 2*n + 24. What is the tens digit of u?
2
Let p(g) = 187*g - 131. What is the thousands digit of p(10)?
1
Suppose -5*s + 3*s = 14. Let j = s + -8. Let p = j - -17. What is the units digit of p?
2
Let q = -125 + 222. What is the tens digit of q?
9
Suppose -5*n = -4*p - 0*n + 246, -3*p + 190 = -n. Suppose 0 = 5*f + 2*b - p - 66, 5*b = -3*f + 78. What is the tens digit of f?
2
Let s(b) = -b + 6. Let l be s(6). Let x = -23 - -27. Suppose -m + 27 = 2*w, w - 5*w + x*m + 48 = l. What is the units digit of w?
3
Let x(d) = 35*d - 217. What is the hundreds digit of x(11)?
1
Let i(r) = 2*r**2 - 13*r - 4. Let g be i(7). Suppose g*b - 4*s = 467, -s = -4*b + 971 - 357. What is the tens digit of b?
5
Let g(k) = k**3 - 9*k**2 - k + 10. Let l be g(9). What is the hundreds digit of l - 3 - (-113 + 4)?
1
Let k = -125 - -47. Let n be (-2120)/18 - (-12)/(-54). Let j = k - n. What is the tens digit of j?
4
Suppose -4*x + 9*t = 5*t - 28, -t = -4*x + 19. Suppose -x*a = 3*l + 2*l - 1188, -249 = -l + 3*a. What is the hundreds digit of l?
2
Suppose 4*z - 2 = 10, 5*o - 4*z = 4158. What is the hundreds digit of o?
8
Let b = -46 - -235. What is the tens digit of b?
8
Suppose 7*u - 4*u - 4 = o, -3*o - 12 = 4*u. Let w(k) = -10 + 5*k**3 - 4*k**2 + 44 + 3*k**2 - 4*k**3. What is the tens digit of w(u)?
3
Let d be (-2)/(2/(-1)) - -3. Suppose 0*y + 8 = d*y. Let l = 4 + y. What is the units digit of l?
6
Let h = -20 + 34. Let b be (4/14)/(4/h). What is the units digit of -4 + 3 + b + 12?
2
Let b(r) = r**2 - 10*r + 12. Let m be 6/14 - (-420)/49. What is the units digit of b(m)?
3
Suppose -3*n - p + 15235 = 0, 14*n - 19*n = -3*p - 25401. What is the hundreds digit of n?
0
Let y(b) = 86*b - 109. What is the units digit of y(6)?
7
Let m(a) = -7 + 6 + a - 5. Let k be m(6). Suppose k = 4*j - 2*j - 26. What is the tens digit of j?
1
Let g = 32 - 27. Suppose 10 = -4*y + 2*y, -16 = 3*f + g*y. Suppose -5*k = 5*l - 130, -k - k = f*l - 55. What is the units digit of k?
3
Let y = -266 + 438. What is the hundreds digit of y?
1
Let w be 10/3 - 13/(78/8). Let q(s) = 11*s**3 + s**2 + s - 4. What is the tens digit of q(w)?
9
Suppose 4*j - 